t w be g(m). Let c be (16/w)/((-4)/14). Calculate the highest common factor of 36 and c.
4
Let m = -3185 + 3353. Calculate the highest common factor of 3444 and m.
84
Suppose -5*g + 97 = 3*n, 0 = -4*n - g + 4*g + 168. Let v = 552 + -331. What is the greatest common factor of n and v?
13
Let m be (132 - 239)/(1/(-1)). Calculate the greatest common divisor of m and 3638.
107
Suppose 0 = 38*m + 40*m - 178464. Calculate the greatest common divisor of m and 33.
11
Let j = 148 - 55. What is the highest common divisor of 1457 and j?
31
Let b be (-1*3)/((-120)/438400). What is the highest common factor of b and 80?
80
Let x(m) = -2*m**2 + 126*m + 64. Let g be x(63). What is the greatest common factor of 3136 and g?
64
Let z be 102/187 - ((-1824)/44 + (-4)/(-2)). What is the highest common factor of 24 and z?
8
Suppose -w = -18*q + 19*q - 1724, 2*q - 3433 = -5*w. Calculate the highest common factor of 38 and q.
19
Let t = -33069 + 33419. Calculate the greatest common divisor of 1204 and t.
14
Suppose 12*a - 19548 = -4104. Suppose -3*z + 4216 = -q, z - 129 = 3*q + a. What is the highest common factor of z and 52?
52
Let g be (-108)/(-8)*((-3)/4 - 169/(-12)). Calculate the greatest common divisor of g and 504.
36
Let q be ((-6)/(-15))/(31/1705). What is the greatest common factor of q and 104?
2
Suppose 19*z + 15004 = 41*z. Calculate the greatest common factor of 248 and z.
62
Suppose 3878 - 42002 - 86308 = -404*t. What is the highest common divisor of t and 42196?
308
Suppose k + 3*u = 4989, k - 3*u - 8651 = -3656. Calculate the greatest common factor of 13 and k.
13
Let d(i) = i**3 + 4*i**2 - 3*i - 10. Let b be d(-4). Let t(h) = h - 1. Let p be t(b). Let x = 9 - p. Calculate the greatest common divisor of x and 20.
4
Let l be ((-556)/8)/((-86)/3784). What is the highest common factor of l and 1?
1
Let u = 18096 + -17976. What is the greatest common divisor of u and 2008?
8
Let s(l) = 36*l + 14*l + 28*l. Let y be s(7). Calculate the greatest common factor of y and 42.
42
Suppose 22*u - 4101 = 19*u + 3*q, 3*u = -3*q + 4107. What is the highest common factor of u and 108?
36
Let r = -104 - -318. Let f = r - 208. Let a = -15 + 39. Calculate the greatest common factor of f and a.
6
Let u(s) = -2*s**2 + 24*s - 31. Let w be u(7). What is the highest common factor of 28808 and w?
13
Let l(h) = -3*h**2 - 90*h + 57. Let x be l(-30). Calculate the highest common divisor of x and 57.
57
Suppose -73*x + 35086 + 39802 = 111*x. What is the highest common divisor of x and 1147?
37
Suppose 0 = 92*z + 73*z - 31020. What is the highest common factor of 658 and z?
94
Suppose 0*w + 4 = -h - 4*w, 8 = 2*h + 4*w. What is the greatest common factor of h and 2292?
12
Suppose -39 + 159 = 4*y. Suppose -5*a - o = -45, 2*a + 3*a - 25 = -5*o. What is the highest common divisor of y and a?
10
Let w(s) = 47*s - 735. Let l be w(18). What is the highest common factor of 5217 and l?
111
Suppose -76 = -21*r + 8. Suppose -6*b = -10*b, 160 = r*f - b. Calculate the greatest common factor of f and 88.
8
Let j(b) = b**2 + 56*b + 547. Let y be j(-10). Calculate the greatest common divisor of y and 6757.
29
Suppose h + 2*c = 18, 6*c + 66 = 5*h + 10*c. Let q(v) = -v**3 - 4*v**2 - 10*v - 10. Let d be q(-5). Calculate the highest common divisor of h and d.
5
Let n be (-1)/(-19)*-2 - (-881452)/5092. What is the greatest common factor of n and 2?
1
Suppose 18*j = 19*j + 2. Let b be (4/j)/(((-2)/3)/2). Let m(h) = 2*h**2 - 13*h + 24. Let z be m(b). Calculate the greatest common divisor of 144 and z.
18
Let g(d) = -8*d**2 + 2*d**3 - 3*d**3 + 24*d**2 + 2*d**2 - 64 - 6*d - 5*d**2. Let r be g(12). What is the highest common divisor of r and 100?
4
Let p = -2124 + 2160. What is the greatest common factor of 1992 and p?
12
Let n = 2091 + -741. Calculate the highest common factor of 3 and n.
3
Suppose 129*t - 120*t = -2142. Let w be 66/(-77)*(0 + t). What is the highest common factor of 48 and w?
12
Suppose h - m + 3 + 0 = 0, h - 3*m = -9. Suppose -14*g + 48 + 64 = h. Calculate the greatest common divisor of g and 12.
4
Let i(z) = -340*z + 6731. Let a be i(-75). Calculate the greatest common divisor of 193 and a.
193
Let b be 5 + 5 + (-12)/2 + 601. Let d = b + -429. What is the highest common factor of 16 and d?
16
Let b = -2075 - -2125. What is the highest common divisor of 1220 and b?
10
Let l = 236 + -158. Suppose -5*z = 5*o - 1860, 4*z = 1338*o - 1343*o + 1496. What is the highest common divisor of z and l?
26
Let v(i) = 6*i + 1. Let h be v(2). Let w = 515 - 485. Suppose w*g + 1365 = 45*g. What is the highest common factor of g and h?
13
Let g(f) = 7*f**2 + 108*f + 21. Let r be g(-16). What is the greatest common divisor of 2295 and r?
85
Let t(f) = -f**3 + 10*f**2 - 9*f - 6. Let r be t(4). What is the highest common factor of r and 1647?
27
Suppose -24*s - 24*s = -1534416. Suppose -45*h + s = 2807. What is the highest common divisor of 81 and h?
81
Suppose -3*b + 2*s - 142 = 0, 0*b - 4*b + 3*s = 188. Let r = b - -59. Let t be r + 4*(4 - 3). Calculate the highest common divisor of 65 and t.
13
Let z(t) = 7*t - 14. Let r(b) = -b**2 + 20*b + 11. Let l be r(0). Let q be z(l). Calculate the highest common factor of 9 and q.
9
Let d = -41 - -32. Let w be (d/4)/(11/(-44)). What is the highest common factor of w and 63?
9
Suppose 0 = -44*u + 38*u + 1206. Suppose -4*g = 5*s - 88 - u, -2*g = 4*s - 140. Calculate the greatest common factor of g and 57.
19
Suppose 52 = 5*w - 3*l, 0*l + l = -w + 4. Let q be 66/(-8) + w + 271/(-4). Let u = -47 - q. What is the greatest common divisor of u and 21?
21
Let b(r) = -58*r**3 - 219*r**2 - 5*r. Let y be b(-4). Calculate the highest common factor of y and 54492.
228
Suppose 3559*j - 1020 = 3539*j. Calculate the highest common divisor of j and 123.
3
Suppose 0 = -164*x + 157*x. Suppose 6*j - 474 + 414 = x. Suppose -3*m - m = -200. Calculate the greatest common divisor of m and j.
10
Let j be 20/(45*2/4572). What is the greatest common divisor of j and 10033?
127
Suppose 4*w - 227 = l, w + 13 - 84 = 5*l. Suppose 0 = -3*g - c + 160, -3*c + 154 = 3*g + c. Let i = g + -40. What is the highest common divisor of i and w?
14
Let m = -4 + 4. Suppose m = -5*w + 3*w + 12. Let a = 30001 - 29995. Calculate the greatest common divisor of w and a.
6
Suppose -29392 + 26314 = -19*d. What is the highest common divisor of 3402 and d?
162
Suppose 641520 = -14*c + 94*c. Calculate the highest common divisor of 11 and c.
11
Suppose -209 = -2*c - 5*p - 198, p + 41 = 5*c. Calculate the highest common factor of c and 108.
4
Let f = -3236 + 3638. Calculate the highest common divisor of 938 and f.
134
Let t = -21635 - -32173. Calculate the greatest common factor of 22 and t.
22
Let h = -104 - 172. Let y = h + 292. What is the highest common factor of 112 and y?
16
Suppose 2*o - 5*q - 322 = 346, -668 = -2*o - 4*q. What is the highest common factor of o and 24?
2
Suppose 4*v + 4*d - 481 = -69, 3*v = -2*d + 308. Let p be (1 + 6)*(-3)/(-21). Let q = p + 5. What is the greatest common factor of q and v?
6
Suppose 3 = a - y, -18 = -a - 5*y - 9. Suppose a*h + h = 3190. What is the highest common factor of h and 58?
58
Suppose -235*i = 4*r - 234*i - 9209, 3*r + 3*i = 6900. What is the highest common divisor of r and 47?
47
Suppose -6*a - 11797 = -2089. Let k = a + 2397. Calculate the greatest common factor of k and 41.
41
Suppose -5*m = 12*y - 10*y - 293, 0 = -4*m - 3*y + 240. Let v be 46/(-12) - -7 - 3/18. Calculate the greatest common factor of m and v.
3
Suppose -4*h = -7*b + 2*b - 1564, 3*b = h - 384. Let g = h + -368. Calculate the greatest common factor of g and 63.
7
Let x(i) = -i**3 - 9*i**2 - 29*i - 51. Let k be x(-6). Suppose -6*l + 235 = -575. What is the highest common factor of l and k?
15
Let t = -40 - -48. Let k(o) = -o**3 + 8*o**2 - 3*o + 22. Let a be k(t). Let y be (a/4 - 1)*(18 - 50). What is the highest common divisor of y and 16?
16
Suppose -5*n + 3*n + 10 = -2*z, 0 = -3*n - z + 31. Calculate the highest common factor of n and 19836.
9
Suppose -5*x - 30 = 0, 60*y - x + 34 = 61*y. What is the highest common factor of 1056 and y?
8
Let j = 2113 + -1277. Suppose 24*f - 5*f = j. What is the greatest common divisor of f and 8?
4
Let d(t) = t**2 + 24*t + 105. Let b be d(-18). Let p(g) = -73*g 